ivided by s/(-3) - 1/3?
0
Let p = 23 + 30. What is the remainder when 210 is divided by p?
51
Suppose 118 + 48 = 5*u - 2*q, 2*q = 2*u - 70. What is the remainder when ((-26)/(-8))/(4/u) is divided by 7?
5
Suppose 2*z + 62 = 3*z. Let a = -5 + 26. What is the remainder when z is divided by a?
20
Let o be (-6 + -1)/(4/8). Let z = 24 + o. What is the remainder when z is divided by 4?
2
Suppose -4*j + 12 = 5*c - 34, 5*j = 5*c - 55. Suppose -3*n - c = -61. Suppose -3 = -2*f + n. Calculate the remainder when f is divided by 6.
4
Let k be ((-6)/((-3)/(-1)))/(-1). Suppose 2*g - 14 = -k*y, g - 3 = -1. Suppose 21 + y = r. Calculate the remainder when r is divided by 14.
12
Let r = -65 - -101. What is the remainder when (-27)/r - (-215)/4 is divided by 14?
11
Suppose 94 = n + n. What is the remainder when n is divided by (-16)/10*105/(-14)?
11
Let s be (8/10)/((-8)/(-20)). Suppose s*b + 21 = 95. Calculate the remainder when b is divided by 19.
18
Let l = 19 - -3. What is the remainder when l is divided by 8?
6
Let m(x) = -x**3 + 11*x**2 - 12*x - 1. Let k(o) = 2*o**2 + o - 1. Let t be k(2). What is the remainder when m(t) is divided by 18?
17
Suppose 0*j = 15*j - 120. Calculate the remainder when 47 is divided by j.
7
Suppose 5*s = o - 6, 2 = 5*o - 2*s + 5*s. Suppose -2*l = 4*u + 4, -l - u = -3*u - 6. Calculate the remainder when 5 is divided by 6/l*1/o.
2
What is the remainder when (-3)/9 + (-7)/(-3) is divided by 1?
0
Suppose -3*m + 23 + 28 = 0. What is the remainder when m is divided by (-39)/(-7) - 4/7?
2
Suppose -19*c + 11*c + 104 = 0. What is the remainder when 35 is divided by c?
9
Suppose -28 = -5*t + 82. Calculate the remainder when (-3 + 2 + 0)*-42 is divided by t.
20
Let p(h) = h**2 + 2*h - 4. Let c be p(-4). What is the remainder when 62 is divided by 19 + c*(-1)/(-2)?
20
Let p(q) be the second derivative of -q**5/20 + 5*q**4/12 + 4*q**3/3 - 5*q**2/2 + 6*q. Calculate the remainder when 13 is divided by p(6).
6
Suppose -3*n = -15 - 39. What is the remainder when 87 is divided by n?
15
Suppose 3*s + 179 = 5*b, -s + 113 = 3*b - 0*b. What is the remainder when 147 is divided by b?
36
What is the remainder when 0 + 2 + 0 - -24 is divided by (5 + -8)/((-2)/6)?
8
Let k(d) = -2*d + 8. What is the remainder when 32 is divided by k(-5)?
14
Calculate the remainder when (-16)/64 - 62/(-16)*6 is divided by 12.
11
Let c = -43 - -28. Let d be (-1)/(-5) - 27/c. Suppose -p + d*p = 1. Calculate the remainder when 1 is divided by p.
0
Suppose -5*s - 2*o + o + 17 = 0, -19 = -5*s - 2*o. Let f be 2*1/(-6)*s. What is the remainder when 1 is divided by 0 + 2 + f*1?
0
Let s(r) = r + 14. Let x be s(-7). Let m = x - -2. Let w(y) = -y**3 + 10*y**2 - 7*y - 13. What is the remainder when 8 is divided by w(m)?
3
Calculate the remainder when (-940)/12*(-18)/15 is divided by 20.
14
Suppose -2*i - 5*l + 58 = 0, -3 = -0*i - i + 4*l. What is the remainder when 54 is divided by i?
16
Suppose 4*p - 5*a - 46 - 19 = 0, 4*p + 5*a - 55 = 0. Calculate the remainder when p is divided by 10.
5
Let n = -79 - -89. Calculate the remainder when 48 is divided by n.
8
Suppose 5*q - 125 = -3*g - 43, 40 = 2*q + 3*g. What is the remainder when q is divided by 8?
6
Calculate the remainder when 81 is divided by 30 + 1 + (-4 - -1).
25
Let d(s) = 8*s - 1. What is the remainder when (2/(-4))/((-3)/114) is divided by d(1)?
5
Let b(j) = 2*j**2 - 2*j - 2. Let i be b(2). Suppose 22 = 4*v - i*l, 5*l + 29 = v + 10. What is the remainder when 10 is divided by v?
2
Suppose 8*l - 5*l - 54 = 0. Calculate the remainder when l is divided by 5.
3
Suppose 0 = -3*v - d + 8, 0 = 2*v + 4*d - d + 4. Suppose 35 = 8*c - 4*c - k, -v*c - k = -37. What is the remainder when c is divided by 5?
4
Suppose -13*h = -14*h + 118. Calculate the remainder when h is divided by 17.
16
Suppose 3*x + 68 = 269. Calculate the remainder when x is divided by 17.
16
Let z be (-83 - 1)*2/(-4). Suppose 0 = 4*b - 7*b + z. What is the remainder when 41 is divided by b?
13
Let x(k) = -k**3 - 2 + 1 + 2*k**3 + k. Let o = -7 + 32. Calculate the remainder when o is divided by x(2).
7
Suppose 0 = 3*q + 47 - 179. What is the remainder when 170 is divided by q?
38
Let k(f) = -f - 3 - 11*f - 7. What is the remainder when k(-7) is divided by 19?
17
Let s = -8 - -24. What is the remainder when 29 is divided by s?
13
Let w = 125 + -48. What is the remainder when w is divided by 20?
17
Let i(y) = -y**2 + 6*y + 3. Let n be i(6). Suppose -n*m - 1 + 151 = 0. Let w = m + -24. What is the remainder when w is divided by 9?
8
Suppose 7 = 3*p - 20. What is the remainder when 34 is divided by p?
7
Let j be (-1)/(7/8 + -1). What is the remainder when 106*((-4)/j - -1) is divided by 18?
17
Let b(p) = -p**3 + 5*p**2 - 3*p - 2. Let y be b(4). Suppose 3*q - 24 = -4*z, -2*q + 8 = y*z - 2. Calculate the remainder when z is divided by 6.
3
Let z(y) = y**3 - 2*y**2 + y. Let i be z(2). Suppose -4*w + 60 = w + i*t, 3*w - 2*t = 52. What is the remainder when w is divided by 5?
4
Let c(w) = -w - 2. Let u = 29 - 15. Calculate the remainder when u is divided by c(-7).
4
Let r(v) = 4*v**2 - 5*v - 3. Suppose 2*h + 2*p - 25 = 5*p, 0 = 5*h + 5*p - 50. Let u = h + 3. Calculate the remainder when r(4) is divided by u.
13
Let v be 2/(-4) - 9/2. What is the remainder when 7 is divided by 3 - (3 + (v - -2))?
1
Suppose -15 = -7*q + 6. Calculate the remainder when 35 is divided by q.
2
Suppose 5*l - 33 - 52 = 0. Calculate the remainder when 30 is divided by l.
13
Suppose 14 - 4 = 5*v. Suppose -v*g + 3*g - 147 = -5*a, -5*a = -2*g - 156. Suppose 5*j = 3*j + a. What is the remainder when 42 is divided by j?
12
Suppose -3*t - 2 = 4, 0 = -4*k - 2*t + 296. What is the remainder when k is divided by 19?
18
Let q(r) = r**3 - 8*r**2 - 8*r - 2. What is the remainder when -1 - (-27)/(-1 - -2) is divided by q(9)?
5
Let x = 40 + -26. Let z = x + 16. Calculate the remainder when z is divided by 1*(-16)/(-10)*5.
6
Suppose -4*d + z + 18 = 0, -d = d - 2*z - 6. What is the remainder when 11 is divided by d?
1
Suppose 5*y + 2*z - 169 = 0, -3*y + 87 = 2*z - 16. What is the remainder when y is divided by 9?
6
Let a = 140 + -96. What is the remainder when 262 is divided by a?
42
Let r(b) = b + 1. Let l be r(2). Suppose -l*c = -21 + 9. What is the remainder when 26 is divided by c?
2
Let m(p) = 131*p + 4. Calculate the remainder when m(1) is divided by 34.
33
What is the remainder when (-1191)/(-9) - (-8)/(-6) is divided by 1/((-2)/66*-1)?
32
Let p(n) = 14*n + 4. Let s be p(4). Let k = -38 + s. Calculate the remainder when k is divided by 8.
6
Let x(p) = 0*p - 2*p - 2*p - 12. Calculate the remainder when 70 is divided by x(-9).
22
Let y(k) = -k. Let n be y(0). Suppose -2*x + n*x + 2 = 0. Calculate the remainder when 1 is divided by x.
0
Suppose 5*z + 5*j = -0*z + 185, z = -4*j + 22. What is the remainder when z is divided by 11*2*(-1)/(-2)?
9
Let n(c) = 2*c - 9. Let a be n(8). Suppose 2*m + a = -r + 1, -5*r = 5*m + 5. Suppose -57 = -r*z + z. What is the remainder when z is divided by 7?
5
Let s = -82 + 115. Calculate the remainder when s is divided by 12.
9
Calculate the remainder when 33 is divided by 1 - 7 - 12*-1.
3
Suppose 2*l + 2*w = 2, w = -l - 3*w - 8. Suppose 0 = 3*f - g - g - 82, 0 = f - l*g - 44. Calculate the remainder when 46 is divided by f.
22
Let r(b) = b**2 - 3*b + 2. Let p = -40 + 57. Calculate the remainder when p is divided by r(4).
5
Let j = -12 - -20. Suppose -6*u + j*u = 24. Calculate the remainder when 45 is divided by u.
9
Let q = 24 - 15. Let f = -7 + q. What is the remainder when 10 - (-2)/(4/f) is divided by 7?
4
Let l = -2 + 4. Calculate the remainder when 32 is divided by (l - -1) + -5 - -19.
15
Suppose 15 = 2*i - 2*p - p, 0 = -5*p - 25. Suppose -4*s + 74 + 42 = i. Calculate the remainder when s is divided by 15.
14
What is the remainder when 30 - 1 - (1 - 2) is divided by (-3 - -1) + 3 + 10?
8
Suppose 0 = -w + 4*w - 39. Suppose 7*c - 19 = 16. What is the remainder when w is divided by c?
3
Suppose -y + 12 = -4*u - 5*y, 0 = -2*u + 4*y + 18. Suppose -3*d + 5*d = -3*g + 7, 5*g + 1 = 3*d. What is the remainder when u is divided by g?
0
Let i(u) = 3*u. Let k(b) = b**2 - 5*b + 3. Let v be k(5). What is the remainder when 34 is divided by i(v)?
7
Suppose -w + 2*r = w - 6, -w + 4*r = 3. Su